10321
Convert 241 (base 9) to base 13.
124
Convert -4411 (base 6) to base 3.
-1101121
Convert -10220111022 (base 3) to base 4.
-102301220
What is -17580 (base 9) in base 10?
-12141
Convert -3549 (base 16) to base 12.
-7a89
What is 31452 (base 7) in base 10?
7779
-10425 (base 9) to base 3
-100110212
What is -11 (base 3) in base 12?
-4
48c (base 13) to base 12
560
-23622 (base 7) to base 15
-1c46
What is -2111 (base 6) in base 16?
-1db
Convert -635a (base 16) to base 4.
-12031122
Convert -25500 (base 7) to base 2.
-1101001101010
Convert 41453 (base 6) to base 11.
4210
Convert -30100 (base 4) to base 2.
-1100010000
60dc (base 15) to base 11
14408
Convert 41a (base 11) to base 15.
23a
-1220 (base 4) to base 8
-150
Convert 10301 (base 4) to base 10.
305
What is 10330 (base 6) in base 10?
1422
Convert 14 (base 9) to base 4.
31
-11000012 (base 3) to base 8
-5551
What is -27b (base 12) in base 3?
-112012
1474 (base 8) to base 3
1010200
Convert 11bcf (base 16) to base 15.
167da
What is 98 (base 16) in base 5?
1102
What is -85d0 (base 15) in base 8?
-67240
What is -2023223 (base 4) in base 6?
-105215
What is -8354 (base 10) in base 13?
-3a58
What is -10131 (base 4) in base 2?
-100011101
What is 4276 (base 9) in base 14?
120b
Convert 121222 (base 3) to base 15.
208
-122101 (base 4) to base 13
-9c4
Convert 489 (base 16) to base 9.
1530
What is -20100222 (base 3) in base 2?
-1001000100011
-932 (base 13) to base 11
-11a0
Convert -2123 (base 6) to base 4.
-13203
Convert 503040 (base 6) to base 15.
babc
-11 (base 12) to base 4
-31
Convert -5710 (base 15) to base 2.
-100100000100001
-6899 (base 12) to base 3
-120222000
Convert -513 (base 10) to base 15.
-243
675c (base 14) to base 2
100010111111110
213501 (base 8) to base 6
1310545
419 (base 14) to base 5
11212
What is -2122 (base 13) in base 3?
-20022001
-8b8 (base 15) to base 4
-132311
What is -262 (base 11) in base 8?
-466
Convert 1757 (base 9) to base 3.
1211221
Convert 4111 (base 14) to base 7.
44421
-53a (base 11) to base 12
-460
-10011 (base 3) to base 16
-55
-1bb8 (base 12) to base 14
-1388
Convert 53633 (base 8) to base 6.
251455
What is -23303 (base 4) in base 3?
-1000222
Convert 5807 (base 10) to base 9.
7862
10631 (base 10) to base 4
2212013
What is 113124 (base 6) in base 10?
9772
-12475 (base 8) to base 5
-133222
11334 (base 7) to base 3
11000000
What is -e06 (base 15) in base 2?
-110001010100
What is a08 (base 14) in base 3?
2200220
What is -541 (base 14) in base 13?
-61a
What is 1d5 (base 15) in base 16?
1a9
Convert -1110000010111 (base 2) to base 15.
-21e6
What is -3131 (base 6) in base 14?
-383
-190 (base 12) to base 11
-20a
Convert 132112 (base 4) to base 2.
11110010110
-11e5 (base 15) to base 9
-5208
Convert dc (base 16) to base 2.
11011100
-8351 (base 10) to base 12
-49bb
10003 (base 4) to base 12
197
-3041114 (base 5) to base 3
-2111221121
What is -316 (base 12) in base 13?
-288
-3c0b (base 15) to base 10
-12836
What is 1338 (base 9) in base 2?
1111101111
What is 621 (base 15) in base 11?
1046
What is 15a08 (base 15) in base 9?
115618
-20b (base 12) to base 14
-175
10333 (base 7) to base 14
d1a
Convert -1102122 (base 3) to base 11.
-869
Convert 25220 (base 7) to base 6.
50405
-9548 (base 10) to base 5
-301143
-87 (base 12) to base 14
-75
Convert 3246 (base 9) to base 7.
6654
What is -3007 (base 13) in base 5?
-202343
-834 (base 12) to base 11
-994
Convert 237 (base 16) to base 7.
1440
What is 135010 (base 8) in base 7?
255563
Convert 63b (base 16) to base 9.
2162
-1100000001 (base 2) to base 6
-3321
Convert 4d1d (base 14) to base 10.
13551
-22653 (base 8) to base 13
-450a
-243 (base 5) to base 9
-81
Convert 304433 (base 5) to base 10.
9993
1301 (base 9) to base 13
59b
21569 (base 10) to base 3
1002120212
19106 (base 11) to base 7
140660
-4066 (base 14) to base 11
-8350
Convert -15112 (base 6) to base 12.
-1498
What is -100000101011 (base 2) in base 14?
-a95
What is 19 (base 14) in base 4?
113
Convert -21765 (base 10) to base 5.
-1144030
What is -12320 (base 5) in base 9?
-1276
-b626 (base 14) to base 10
-31394
Convert 10710 (base 9) to base 10.
7137
-3da9 (base 16) to base 2
-11110110101001
-2004 (base 5) to base 2
-11111110
Convert 13 (base 12) to base 4.
33
What is 11101 (base 3) in base 10?
118
Convert 1201000 (base 3) to base 5.
14432
What is 12c (base 16) in base 9?
363
7a15 (base 14) to base 10
21187
Convert 33405 (base 8) to base 14.
51c1
320012 (base 5) to base 13
4abb
What is a65 (base 11) in base 5?
20111
Convert -b91 (base 15) to base 6.
-20031
1613 (base 9) to base 14
639
What is -2732 (base 8) in base 16?
-5da
What is -324233 (base 5) in base 12?
-6589
What is 21200011 (base 3) in base 11?
4225
-3263 (base 16) to base 14
-49b5
Convert 2365 (base 9) to base 11.
1360
Convert -2aa4 (base 11) to base 3.
-12110122
Convert 2054 (base 12) to base 2.
110111000000
What is -242 (base 13) in base 6?
-1452
Convert 668 (base 12) to base 4.
32300
Convert -4322234 (base 5) to base 6.
-1324004
What is -2010210 (base 4) in base 2?
-10000100100100
What is 33b (base 15) in base 6?
3215
Convert 200 (base 8) to base 7.
242
What is -3cc (base 13) in base 10?
-675
867 (base 9) to base 3
222021
-3208 (base 10) to base 13
-15ca
Convert -174 (base 14) to base 10.
-298
-102320 (base 4) to base 13
-71c
-21890 (base 10) to base 7
-120551
749 (base 12) to base 11
889
Convert 44400 (base 5) to base 7.
12016
What is 26c0 (base 15) in base 10?
8280
Convert 801 (base 12) to base 6.
5201
What is 232515 (base 6) in base 8?
47137
What is 19a (base 16) in base 12?
2a2
What is -2324 (base 16) in base 3?
-110100012
111010011 (base 2) to base 11
395
What is 6031 (base 10) in base 2?
1011110001111
Convert 433440 (base 5) to base 11.
10199
What is 2dba (base 16) in base 2?
10110110111010
Convert 35334 (base 11) to base 8.
143442
What is 154 (base 10) in base 14?
b0
What is 5247 (base 8) in base 11?
205a
What is -111011001010 (base 2) in base 16?
-eca
1020223 (base 4) to base 11
3549
333b (base 12) to base 16
161f
What is -462c (base 14) in base 6?
-132240
Convert 1012211 (base 3) to base 14.
474
Convert 20221 (base 4) to base 13.
337
-718 (base 12) to base 5
-13103
Convert -3583 (base 11) to base 14.
-19cd
What is 239 (base 10) in base 2?
11101111
-42230 (base 5) to base 9
-3767
2611 (base 15) to base 16
1fb4
Convert -43232 (base 5) to base 15.
-d12
Convert 1010012 (base 3) to base 16.
32f
What is 3153 (base 9) in base 7?
6516
What is 1c25 (base 16) in base 8?
16045
Convert -17001 (base 11) to base 16.
-5d97
What is -7b4 (base 12) in base 7?
-3223
101111001 (base 2) to base 5
3002
What is 2122222 (base 3) in base 2?
11110010111
What is -549 (base 10) in base 9?
-670
10391 (base 12) to base 6
242301
-1142 (base 6) to base 11
-233
Convert -a (base 11) to base 6.
-14
What is -2312300 (base 5) in base 15?
-c4ba
-127a4 (base 11) to base 3
-221001110
-216ab (base 12) to base 11
-30228
-1144 (base 7) to base 11
-356
Convert 44b8 (base 14) to base 6.
131110
Convert -2123 (base 4) to base 3.
-12202
Convert -6cb (base 15) to base 12.
-a85
What is -3dc (base 16) in base 3?
-1100121
9765 (base 11) to base 2
11001001100001
Convert -3024100 (base 5) to base 2.
-1011111000001010
-55890 (base 11) to base 5
-10042202
What is -2800 (base 11) in base 3?
-11222110
What is -10000110010 (base 2) in base 10?
-1074
Convert 3672 (base 9) to base 2.
101010110010
Convert -200220012 (base 3) to base 7.
-55106
Convert 1791 (base 16) to base 11.
4595
-1410120 (base 5) to base 16
-7071
What is -101010220 (base 3) in base 5?
-214040
What is -31a3 (base 11) in base 16?
-1083
What is -764 (base 10) in base 5?
-11024
What is 34711 (base 9) in base 7?
124366
What is -7b (base 12) in base 2?
-1011111
-203011 (base 4) to base 7
-6355
What is 144410 (base 5) in base 13?
2ab3
What is 75642 (base 8) in base 11?
21863
Convert 81db (base 14) to base 12.
10b19
-8121 (base 9) to base 15
-1b57
-2340 (base 6) to base 8
-1064
-16c (base 16) to base 10
-364
Convert 442a (base 11) to base 4.
1123100
What is 534 (base 9) in base 8?
664
-18657 (base 9) to base 10
-12931
What is 71402 (base 8) in base 9?
44343
Convert 10620 (base 7) to base 4.
222111
-828 (base 16) to base 12
-1260
-11303010 (base 4) to base 9
-35516
Convert -8171 (base 9) to base 4.
-1131121
Conve